ided by 11?
10
Let j(d) = -112 - 40*d + 108 + 44*d - 4*d**2 + 2*d**3. Suppose 0 = -o + v + 1, 5*o - 21 = -v - 2*v. What is the remainder when j(o) is divided by 15?
11
Let g = -4345 - -4359. Calculate the remainder when 3639 is divided by g.
13
Suppose 83*k + 65 = -19*k + 983. Calculate the remainder when 395 is divided by k.
8
Suppose -2*k + t = -17, 3*k = -3*t + 14 + 16. Let m(p) = 6*p**2 + 9*p + 17. Let s be m(k). Let z = s + -415. Calculate the remainder when z is divided by 34.
33
Let g(u) = u**3 - 18*u**2 + 25*u - 27. Let r be (-120)/280 + (-1 - (-258)/14). What is the remainder when g(r) is divided by 41?
27
Let c = 25810 + -6265. What is the remainder when c is divided by 27?
24
Let x(q) = q**3 + 8*q**2 - 48*q - 273. What is the remainder when x(-8) is divided by 2?
1
Suppose 5*z + 9 = -11, 4*f = -4*z + 8260. What is the remainder when f is divided by 10?
9
Let z(x) be the first derivative of x**4/2 - 3*x**2 + 6*x - 49. What is the remainder when ((-294)/9)/((-8)/12) is divided by z(2)?
9
Suppose -4*l + 3 = -3*i, 79*l - 84*l + 9 = -3*i. Calculate the remainder when 543 is divided by l.
3
Let h = -583 + 588. Suppose -3*x = -5*f + 175, 6*f - 2*f = h*x + 153. What is the remainder when f is divided by 18?
14
Let r(f) = 14*f**3 - 661*f**2 + 151*f - 69. Calculate the remainder when r(47) is divided by 2*(-2)/8 + (-135)/(-10).
11
Let k(l) = 6*l**2 + 0 - 2*l**2 - 2 - 6*l + l**3. Let g be k(-5). Suppose -g*s = j + 3*j - 100, -3*s + 56 = 2*j. What is the remainder when 65 is divided by j?
21
Let x(v) = -4*v**2 - 9*v - 7 + 0*v**2 - 10 + 3*v**2. Let h be x(-8). What is the remainder when 17 is divided by h/(-6)*(-16)/(-6)?
1
Suppose -48*z + 40*z + 2215 - 383 = 0. What is the remainder when z is divided by 54?
13
Let t = 611 + -535. Suppose 21 = 2*a - h - 8, -t = -5*a - h. Calculate the remainder when 134 is divided by a.
14
Suppose 23*p = 18*p + 35. Suppose -p*n + 10*n = 21. Suppose -g = n*g - 200. What is the remainder when g is divided by 17?
8
Let u(b) = b + 12. Let y(s) = -1. Let r(i) = u(i) - 4*y(i). Let c be -3 - -1 - (-25)/(-5). What is the remainder when r(c) is divided by 5?
4
Suppose 0 = -3*b + 12 + 12. Suppose -3*p = -3, 2*p = 2*w - p - 119. Calculate the remainder when w is divided by b.
5
Suppose 9*q + 0*q = 5*q. Suppose 4*j = 2*o + 2*o + 28, q = -5*o - 25. What is the remainder when 44 - (j + -2 + 1) is divided by 17?
9
Suppose -112 = 7*x - 217. Calculate the remainder when 66 is divided by x.
6
Suppose -5*i + 7 + 23 = 0. Suppose -4*k + 175 = 2*y + y, 0 = 3*k + i. Calculate the remainder when 303 is divided by y.
59
Suppose 4*x - 66 = -2*m - 20, 5*m = -x + 79. Suppose -8*a + 4326 = -m*a. Calculate the remainder when (76/114)/((-4)/a) is divided by 36.
31
Suppose 3*d + 40 = 7*d. Suppose -4*k + 288 = -2*h + 4*h, 3*h + k = 412. Let n = 165 - h. What is the remainder when n is divided by d?
9
Calculate the remainder when 704 is divided by ((-5)/(10/(-117)))/(24/48).
2
Suppose 179*p = 162*p + 187. Let h(z) = -z**3. Let o be h(0). Suppose -s + 7 = -o. Calculate the remainder when p is divided by s.
4
Let r = 25 + 56. Let v = r + -114. Let q = v - -46. What is the remainder when 24 is divided by q?
11
Suppose -2*q = -y - 63 + 155, y = 3*q + 90. Calculate the remainder when 336 is divided by y.
48
Let o(m) = 30*m**3 + 3*m**2 + 7*m - 3. Let b be o(3). Suppose -17*r = 2*r - b. What is the remainder when 86 is divided by r?
41
Let r(u) = -3*u**2 - 29*u + 754. Calculate the remainder when 225 is divided by r(-21).
25
Suppose 77 = 3*b + 65. Suppose -b*a + 54 = 18. Calculate the remainder when 16 is divided by a.
7
Suppose -46*f + 4197 - 103 = 0. What is the remainder when 96 is divided by f?
7
Suppose -3*p = 118*g - 113*g - 540, -415 = -4*g + p. Suppose 0 = 5*w + 2*f - 270, -2*w + 216 = 2*w + 4*f. Calculate the remainder when g is divided by w.
51
Suppose -4*r + 1356 = -3*k + 6541, -4*r + 8727 = 5*k. What is the remainder when k is divided by 159?
149
Let g = 73973 + -42062. Calculate the remainder when g is divided by 54.
51
Suppose -196 = 26*m - 14*m - 724. Suppose 5*g = -4*q + 381, 5*g + 9 + 6 = 0. Calculate the remainder when q is divided by m.
11
Let v = -2972 - -6106. Calculate the remainder when v is divided by 59.
7
Let g be (-3)/(((-63)/(-574))/(2 + 1)). Let s = 123 + g. Calculate the remainder when s is divided by 14.
13
Let p = 687 + -692. What is the remainder when 350 is divided by 9 + p*(1 + -7)?
38
Suppose 0 = 2*b + x - 3*x - 78, -23 = -b + 5*x. Suppose 17*l = 13*l + 2036. Suppose -h - 2*h = 6, h + l = 3*i. Calculate the remainder when i is divided by b.
40
Let g(c) = -280*c - 8101. Let v(u) = 208*u - 1. What is the remainder when v(2) is divided by g(-29)?
16
Suppose 0*d = 3*s + d - 5, s - 15 = 3*d. Suppose -5*t - 3*q = -s*t - 20, -12 = -3*q. Calculate the remainder when 4 is divided by t.
0
Suppose -4*x = -2*b - 27170, -3*x + 4*b - 1316 = -21691. Calculate the remainder when x is divided by 158.
157
Let h(r) = -47*r + 1736. Calculate the remainder when h(34) is divided by 80.
58
Let p(h) = 3*h**2 + 4*h + 4. Let v be p(-1). Let s(r) = 4*r**3 + r - 19. Let u(m) = m**2 + 3*m + 1. Calculate the remainder when s(v) is divided by u(3).
16
Let u(s) be the third derivative of 0*s + 19/2*s**3 + 26*s**2 + 0 - 5/12*s**4. What is the remainder when u(-7) is divided by 10?
7
Let b be (-2 - -1) + 66/(-11). Calculate the remainder when 1/((-2)/((-196)/2)) is divided by (-10)/(((-2)/(-8))/(b/28)).
9
Let x(u) = 994*u + 2742. What is the remainder when x(37) is divided by 14?
12
Let p(k) = -46*k**3 + k**2 - k - 1. Let i(w) = 4 - 17 - 14 - 2*w - 11. Calculate the remainder when p(-1) is divided by i(-27).
15
Let r(v) = v + 4. Calculate the remainder when 23336/30 - 2/(-15) is divided by r(9).
11
Suppose c = -4*n + 282, 222 = 3*n + 96*c - 90*c. Suppose 0 = 2*x + 2*i - 64, 6*x + 3*i = 2*x + 133. What is the remainder when n is divided by x?
33
Suppose -b + 0 + 41 = 0. Let v = b - 38. Suppose -4*g + 102 = g - d, v*g = 3*d + 66. Calculate the remainder when g is divided by 4.
0
Let x = -4 - -6. Let n = 288 + -283. Suppose 2*i + z = i + 4, -n*i = 3*z - 20. What is the remainder when i is divided by x?
0
Suppose -50 = -2*b + 48 - 72. Calculate the remainder when 5823 is divided by b.
12
Suppose 2*s = -59 + 33. Let c(g) = 6*g**2 + 12*g + 19. What is the remainder when c(s) is divided by 55?
52
Let p = 323 - 319. Suppose 8*b + 15 = 13*b, 0 = p*h - 5*b + 3. Calculate the remainder when 15 is divided by h.
0
Let q(y) = 1. Let l(j) = -23*j - 36. Let k(c) = l(c) + 3*q(c). Calculate the remainder when k(-5) is divided by 12.
10
Let g = -580 - -587. Suppose -6*s = -g*s + 154. What is the remainder when s is divided by 55?
44
Suppose -5*t + 3435 = -0*t. Let b(k) = 3*k**2 + 110*k + 621. Calculate the remainder when t is divided by b(-6).
66
Let p = -33429 + 33586. What is the remainder when 907 is divided by p?
122
Let k(w) = -24*w + 1. Suppose 21*o - 19*o - 72 = -3*f, -5*f + 2*o + 136 = 0. Suppose 3*g - f = 31. What is the remainder when k(-1) is divided by g?
6
Suppose 0 = t - 4*n - 5304, -4*n = 4*t - 19267 - 1829. What is the remainder when t is divided by 13?
2
What is the remainder when 6/27 - 781/(-9) is divided by (-8)/(-14) - 20/(-210)*225?
21
Suppose 21*o - 12*o + 15*o - 264 = 0. Suppose 0 = i + 38 - 134. Calculate the remainder when i is divided by o.
8
Suppose 8*q - 67072 = -56*q. Calculate the remainder when q is divided by 72.
40
Let b be -5 + 2 + 2 + -3. Calculate the remainder when 310 is divided by 9 - ((-1 - 15)/b + -8).
11
Let w(b) = b**3 - 42*b**2 + 29*b + 175. Calculate the remainder when w(46) is divided by 21.
19
Let a(g) = -g**3 + 8*g**2 - 5*g + 2. Let n be (-84)/(-6)*(-2)/(-4). Let w(u) = 2*u + 124. What is the remainder when w(-32) is divided by a(n)?
12
Let a(v) be the first derivative of -3*v**2/2 - 62*v + 58. Calculate the remainder when a(-25) is divided by 3.
1
Suppose -2*a + 46 - 194 = -2*l, -5*l = -2*a - 382. What is the remainder when l is divided by 10?
8
Suppose -7231*l + 7220*l + 1386 = 0. Calculate the remainder when 1258 is divided by l.
124
Let d = 7333 + -6510. What is the remainder when d is divided by 216?
175
Suppose -145*g + 149*g + 2892 = 3*b, 0 = 4*b - g - 3843. Calculate the remainder when b is divided by 107.
1